612.
18
Calculate the remainder when 430269 is divided by 502.
55
Calculate the remainder when 19849823 is divided by 3768.
3767
What is the remainder when 90164764 is divided by 114?
112
What is the remainder when 23650102 is divided by 5914?
16
What is the remainder when 74161 is divided by 112?
17
What is the remainder when 4004328 is divided by 1603?
34
Calculate the remainder when 516479 is divided by 74.
33
Calculate the remainder when 13765531 is divided by 11367.
94
Calculate the remainder when 368602 is divided by 443.
26
Calculate the remainder when 1680695 is divided by 102.
41
Calculate the remainder when 1197611 is divided by 350.
261
What is the remainder when 2609761 is divided by 3148?
69
What is the remainder when 1045398 is divided by 49776?
102
Calculate the remainder when 892820 is divided by 111592.
84
Calculate the remainder when 1030407 is divided by 1908.
87
Calculate the remainder when 1433248 is divided by 630.
628
What is the remainder when 51017573 is divided by 13241?
0
Calculate the remainder when 594503 is divided by 99082.
11
What is the remainder when 117106394 is divided by 21?
20
Calculate the remainder when 45888932 is divided by 305926.
32
What is the remainder when 77040 is divided by 38488?
64
Calculate the remainder when 978677 is divided by 443.
90
What is the remainder when 555556 is divided by 646?
642
Calculate the remainder when 7673553 is divided by 3836774.
5
What is the remainder when 969507 is divided by 29379?
0
What is the remainder when 27624 is divided by 221?
220
What is the remainder when 3214035 is divided by 3341?
3334
Calculate the remainder when 519700 is divided by 1245.
535
What is the remainder when 1082653 is divided by 43?
42
Calculate the remainder when 418725 is divided by 114.
3
What is the remainder when 3671755 is divided by 103?
11
What is the remainder when 53377934 is divided by 197?
193
What is the remainder when 251045 is divided by 521?
444
Calculate the remainder when 546388 is divided by 696.
28
What is the remainder when 79279 is divided by 3053?
2954
Calculate the remainder when 939309 is divided by 938995.
314
Calculate the remainder when 1602461 is divided by 789.
2
Calculate the remainder when 5127234 is divided by 6565.
6534
Calculate the remainder when 200631 is divided by 99895.
841
What is the remainder when 1890531 is divided by 146?
123
What is the remainder when 39885 is divided by 33380?
6505
Calculate the remainder when 5098 is divided by 118.
24
What is the remainder when 2531301 is divided by 210936?
69
What is the remainder when 82215662 is divided by 334210?
2
Calculate the remainder when 28723818 is divided by 33.
24
What is the remainder when 58770 is divided by 11608?
730
Calculate the remainder when 66571 is divided by 22180.
31
What is the remainder when 17745 is divided by 14803?
2942
Calculate the remainder when 178105999 is divided by 167.
165
What is the remainder when 20033 is divided by 4414?
2377
What is the remainder when 40402906 is divided by 273?
271
Calculate the remainder when 41412752 is divided by 28.
24
Calculate the remainder when 25231023 is divided by 172.
171
Calculate the remainder when 3742 is divided by 1664.
414
Calculate the remainder when 209507 is divided by 59.
57
Calculate the remainder when 233961292 is divided by 418.
4
Calculate the remainder when 3074062 is divided by 153.
139
Calculate the remainder when 118479 is divided by 58298.
1883
What is the remainder when 27722 is divided by 27710?
12
What is the remainder when 4631 is divided by 633?
200
What is the remainder when 19486491 is divided by 750?
741
What is the remainder when 3347557 is divided by 3347522?
35
Calculate the remainder when 986940 is divided by 123367.
4
What is the remainder when 24286138 is divided by 8095376?
10
What is the remainder when 1881425 is divided by 7872?
17
Calculate the remainder when 11348859 is divided by 1143.
12
What is the remainder when 214450 is divided by 6238?
2358
What is the remainder when 1551981 is divided by 584?
293
What is the remainder when 2889900 is divided by 845?
0
What is the remainder when 586763 is divided by 48888?
107
Calculate the remainder when 3059994 is divided by 2720.
2714
What is the remainder when 11202080 is divided by 301?
64
What is the remainder when 56265211 is divided by 2129?
2128
What is the remainder when 54047644 is divided by 47?
41
What is the remainder when 39946862 is divided by 283311?
11
What is the remainder when 429647 is divided by 960?
527
What is the remainder when 164939267 is divided by 5402?
1
Calculate the remainder when 50406 is divided by 24041.
2324
What is the remainder when 1825646414 is divided by 5774?
5772
Calculate the remainder when 12122596 is divided by 471.
469
Calculate the remainder when 227326802 is divided by 7621.
7614
What is the remainder when 12348033 is divided by 19884?
69
What is the remainder when 8519930 is divided by 9?
8
What is the remainder when 20522706 is divided by 10261283?
140
What is the remainder when 38107902 is divided by 105562?
20
Calculate the remainder when 449711 is divided by 25.
11
Calculate the remainder when 197718 is divided by 32947.
36
What is the remainder when 38468 is divided by 435?
188
Calculate the remainder when 13722671 is divided by 2765.
2741
Calculate the remainder when 329815 is divided by 2685.
2245
Calculate the remainder when 13149417 is divided by 4383102.
111
What is the remainder when 32093 is divided by 7495?
2113
Calculate the remainder when 790230 is divided by 2258.
2188
What is the remainder when 592529909 is divided by 5493?
5492
Calculate the remainder when 10314748 is divided by 62137.
6
Calculate the remainder when 4156372 is divided by 1127.
1123
What is the remainder when 137939545 is divided by 51?
49
Calculate the remainder when 187750 is divided by 147.
31
Calculate the remainder when 4361173 is divided by 1259.
1256
What is the remainder when 14511254 is divided by 15?
14
Calculate the remainder when 1706479 is divided by 853215.
49
Calculate the remainder when 4131303 is divided by 118037.
8
What is the remainder when 3393577 is divided by 57518?
15
Calculate the remainder when 10050896 is divided by 1243.
1241
What is the remainder when 142955 is divided by 47562?
269
Calculate the remainder when 129316115 is divided by 13.
6
What is the remainder when 799072 is divided by 8411?
27
Calculate the remainder when 847743 is divided by 282463.
354
Calculate the remainder when 32503539 is divided by 1477433.
13
Calculate the remainder when 3181123 is divided by 1060181.
580
What is the remainder when 651585 is divided by 79?
72
Calculate the remainder when 767878 is divided by 13471.
31
What is the remainder when 2994432 is divided by 572?
12
What is the remainder when 1754306 is divided by 70?
36
What is the remainder when 38026029 is divided by 19?
18
Calculate the remainder when 1308071 is divided by 1090.
71
Calculate the remainder when 46889322 is divided by 1202290.
12
Calculate the remainder when 32761 is divided by 4546.
939
What is the remainder when 1640991 is divided by 21?
9
What is the remainder when 222620 is divided by 17765?
9440
What is the remainder when 283436 is divided by 70?
6
What is the remainder when 49182 is divided by 1011?
654
What is the remainder when 7341186 is divided by 25402?
8
Calculate the remainder when 39915846 is divided by 124.
122
What is the remainder when 9797499 is divided by 209?
206
Calculate the remainder when 2236151 is divided by 515.
21
Calculate the remainder when 194097 is divided by 295.
282
Calculate the remainder when 37734648 is divided by 9433661.
4
Calculate the remainder when 16709 is divided by 855.
464
What is the remainder when 20519487 is divided by 6839821?
24
Calculate the remainder when 432048 is divided by 43135.
698
Calculate the remainder when 502612 is divided by 58.
42
Calculate the remainder when 20016 is divided by 2822.
262
What is the remainder when 853162 is divided by 151?
12
Calculate the remainder when 6267115 is divided by 1926.
1837
Calculate the remainder when 5127038 is divided by 1530.
8
What is the remainder when 799987 is divided by 5405?
47
Calculate the remainder when 34371530 is divided by 4693.
469